 p(0). Let r(g) = 551*g - 44 - 541*g + 9. Is r(h) composite?
True
Let h(y) = -5*y - 36 + 2*y + 17. Let x be h(-7). Suppose 7*p = x*p + 170. Is p a composite number?
True
Suppose 0 = 3*v + h - 2*h - 10501, 2*v - 4*h - 7004 = 0. Let k be -1 - (4 + (4 - 2)*-4). Suppose -4*z = i + i - v, -k*z - i + 2627 = 0. Is z a composite number?
False
Suppose 0 = 2*r + 3*w + 72 - 346, 0 = 2*r - w - 258. Suppose -94 = 3*g + r. Is -4*2/(-2) - (g + -2016) a prime number?
False
Let i be ((-484)/6)/((-22)/5775). Suppose 11*r - i = 10736. Is r a prime number?
False
Let x(b) = -2 - 5 + 129*b - 888*b. Suppose 8*q - 2426 = -2442. Is x(q) prime?
True
Let z(k) = 318*k - 145*k + 261*k. Let h be z(1). Let i = h - 171. Is i prime?
True
Suppose 933150 = -167*m + 3651743. Is m prime?
False
Suppose 23*v - 27*v = 4*o - 58272, v = o + 14566. Is v a composite number?
True
Suppose -4*f - 45 = -61. Suppose 5*b = -4*u + 1014 + 1799, -f*u = 3*b - 2803. Is u composite?
True
Let r = 1935 + -3433. Let y = 2453 + r. Let l = y + 382. Is l prime?
False
Let u(d) = -68*d**3 - 50*d**2 - 15*d + 5. Is u(-8) a prime number?
True
Let n be (-8)/(-6)*(-3906)/(-12). Let a = n - -257. Is a prime?
True
Let v = 32637 + 27768. Is (v/(-10) + 5)*(0 + -2) prime?
True
Let f(w) be the second derivative of 11*w**6/20 - w**5/24 + 25*w**4/12 + 3*w. Let j(y) be the third derivative of f(y). Is j(2) a composite number?
False
Suppose -5237764 + 1336494 - 8263650 = -40*h. Is h a prime number?
False
Suppose 0 = -2*d - 3*d + 4*v + 2934, -2*d = -4*v - 1176. Suppose d = 2*f - p + 2*p, -4*f + 2*p + 1172 = 0. Suppose -6*l = -f - 3505. Is l a prime number?
False
Let w = -38 - -42. Suppose -4*n + 3*n + 34542 = 3*i, 4*n = w*i + 138104. Is (-1)/(2/12 - 5785/n) prime?
True
Let s be ((-4906)/8)/((-36)/(-144)). Let r = 5767 + s. Is r a composite number?
True
Let w = -321 - -935. Let c be 9 + -9 - w/(-2). Suppose -5*b - c = -3*z, -3*z + 0*z + 4*b = -302. Is z prime?
False
Let g(i) = -5224*i - 1619. Is g(-9) a prime number?
False
Let i(w) = w**3 + 39*w**2 + 2*w - 95. Let l be i(-39). Let s = l - -384. Is s a prime number?
True
Let q(i) = -119*i**3 - 4*i**2 - 18*i - 38. Let x be q(-2). Suppose 4*s - 7595 = -155. Let u = s - x. Is u prime?
False
Let c(f) = 44569*f + 3462. Is c(5) a composite number?
False
Let n be (-5 - (30 - -5))/1. Is (n/(-30) - 2) + (-21173)/(-3) a composite number?
False
Suppose 16*l - 25 = 11*l. Suppose 24 = l*r - r. Suppose r*h - 7*h + 491 = 0. Is h composite?
False
Suppose 25*i - 21*i - 18880 = 0. Let r = i - 3351. Let l = r + -782. Is l a composite number?
False
Let h(g) = 4*g**3 - 3*g**2 + 9*g + 39. Let v(l) = -5*l**3 + 2*l**2 - 9*l - 39. Let c(b) = 6*h(b) + 5*v(b). Is c(-13) a composite number?
True
Suppose -w = 21*u - 3120781, -62 + 22 = 5*w. Is u a prime number?
True
Let s(o) = 235*o**2 + 35. Let c(i) = i**3 - 48*i**2 + 46*i + 53. Let t be c(47). Is s(t) a composite number?
True
Let a be -2148 + (-2 - -5) - -5. Let i = a + 3587. Is (-4)/10*1 + i/5 a prime number?
False
Let u = 7455 + -7449. Let l = 3 - 1. Suppose u*k - 7892 = l*k. Is k a prime number?
True
Let u be ((-4)/3)/(12/(-54)). Suppose u*d - 7359 = 3*d. Is d prime?
False
Let p(r) = -r**3 - 10*r**2 + 27*r + 23. Let l be p(-10). Let w = l - -434. Is w composite?
True
Let v be 3/21 + (-10002)/42. Let d = -1354 - -1938. Let i = v + d. Is i a prime number?
False
Suppose 5*t - 245 = -205. Suppose 9427 = t*c - 6805. Is c prime?
True
Let v be (-2*(-2)/3)/((-58)/(-87)). Suppose b = -v*b - 5*c + 494, -c + 162 = b. Suppose -y + b = -473. Is y prime?
True
Let t = 3 + -5. Let v be (t/4)/(3*2/108). Is v/(-4)*(-28)/(-21) composite?
False
Suppose 4*c + 3 - 23 = -4*d, -6 = -2*c - 3*d. Suppose -14*u + 4*y + 45659 = -c*u, 45651 = 5*u + 4*y. Is u a prime number?
False
Suppose 5*s = -2*x + 23, 5*s = -x + 7 + 12. Let a(o) = 937*o**3 + 2*o**2 + 2*o - 22. Is a(s) composite?
False
Let q = 355 + -207. Suppose q*f - 152*f + 2348 = 0. Is f a prime number?
True
Suppose -178*a + 118582365 = 167*a. Is a prime?
False
Let s = 7039 - 4020. Let g = -1442 + s. Is g composite?
True
Let c(v) = 243*v**2 - 18*v - 13. Let b(x) = 4*x + 9 - 16*x**2 + 8*x - 146*x**2. Let k(f) = -8*b(f) - 5*c(f). Is k(-4) a prime number?
False
Let q(w) = 1287*w**2 + 44*w - 25. Is q(6) a prime number?
False
Let v be 1 + (-7 - 4) - -3165. Suppose -1 = -c + 1. Suppose 6*p + 5*w - v = p, -4*p + 2548 = -c*w. Is p a composite number?
True
Let t be (5 - (-168)/(-40))*(-10)/(-4). Is ((-716)/4)/(-3 + t) composite?
False
Let z(s) = -377*s - 2250. Is z(-52) a composite number?
True
Suppose 0 = -5*o + q + 2064, 44*o = 46*o + q - 834. Let b = -212 + 15. Let g = o + b. Is g a prime number?
False
Let v(o) = 2*o**3 - 4*o**2 - 17*o - 77. Let g be v(-18). Let i = 19644 + g. Is i prime?
False
Suppose -6*k + 2*s = -3*k - 10, 4*s + 2 = -3*k. Let g(a) = 9*a + 2*a**k - 548 + 2*a**2 + 540. Is g(-15) composite?
False
Let w be (26 - 31) + 10/2. Suppose w = -58*d + 55*d + 15306. Is d a composite number?
True
Suppose 2*c = 0, 0*a - 27 = -3*a - 4*c. Let q be 12/18*a/6. Is q*(447 + (-6 - -4)) composite?
True
Suppose -43*g + 45*g - 4*s = 465082, 0 = -2*s - 12. Is g a composite number?
True
Suppose -3*z = 0, 5*d - 2*z = 2*z + 85. Let t = -12 + d. Is (-14)/35 - (-2647)/t a composite number?
True
Suppose 7 = k + 25. Let g = k - 56. Let t = g + 123. Is t prime?
False
Suppose -313776 = -22*p - 2*o, -26 + 6 = 4*o. Is p composite?
True
Let t(b) = b**3 + 13*b**2 + 17*b + 8. Let r(i) = i**3 + 15*i**2 + 21*i + 7. Let p(h) = 5*r(h) - 6*t(h). Let f be 2/6 + 38/(-6). Is p(f) composite?
True
Suppose -2*x = 2*t + 1892, 0*x - 5*x = -2*t - 1871. Let d = t + 2916. Suppose d = 5*r - b, -b = 2*r - 202 - 590. Is r prime?
False
Let u = 137 - 143. Is 22209/1*(-12)/216*u composite?
True
Suppose 0 = 2*n - x + 12, 7*n + 3*x + 9 = 4*n. Let w be 1275*-1*n/((-75)/10). Let z = 1205 + w. Is z prime?
False
Let t(q) = 13422*q - 505. Is t(11) a composite number?
False
Let o be 1/(-9) - 1564/(-306). Suppose t - 16106 = -o*g, 0 = 8*g - 7*g - 5*t - 3216. Is g a composite number?
False
Suppose 22140 = -5*j - 23895. Is 1/2 - j/6 a composite number?
True
Suppose 387*f = 400*f - 2145871. Is f a prime number?
False
Suppose -1172*b = -5*c - 1174*b + 4551, b = 5*c - 4557. Is c a composite number?
False
Suppose 0 = 4*x + 2*b - 28, -x - 4*b + 1 = -4*x. Suppose x*t = 4*d + 6*t - 11891, -2*t - 14867 = -5*d. Is d a composite number?
True
Suppose -42*b = -1509807 - 765795. Is b composite?
False
Suppose -2*z + 2*x = 6, -3*z + 7*x = 2*x + 9. Let d(t) be the first derivative of 35*t**3/3 - t**2/2 - 11*t - 170. Is d(z) composite?
False
Suppose -5*v - 2*h = -29, 2*v - 2*h = 3*h. Let x = -62 - -410. Suppose 0 = v*m - 913 + x. Is m a composite number?
False
Is ((-26)/585*-15)/((-4)/(-4304766)) a prime number?
False
Let l(h) = -h**2 + 27*h + 284. Let p be l(35). Is ((-4198)/4)/(p*5/(-200)) a prime number?
False
Let i(x) be the second derivative of 301*x**4/4 - 3*x**3 - 5*x**2/2 + 85*x. Is i(4) prime?
False
Let r(s) = -2*s**2 + 21*s + 13. Let l be r(11). Suppose -7*q = -l + 2. Suppose q = a + 1, a = -2*u - u + 626. Is u composite?
True
Is (-2)/(-6) + (-341104)/(-24) a prime number?
False
Let s = -4747 + 4322. Let v(u) = 126*u + 8. Let b be v(6). Let d = b + s. Is d a composite number?
True
Suppose 0 = 22*c - 18*c - 1028. Suppose -6*k + 7*k - c = 0. Let j = -66 + k. Is j a composite number?
False
Let n be 12172/(-85)*25/2. Is 39/1*n/(-30) composite?
True
Let g be 20*385/(-2) + -5. Let m = -499 - g. Is m/(-10)*(57/(-6) + 7) a composite number?
False
Let r = -77128 - -148969. Suppose r = -5*l + 38*l. Is l prime?
False
Suppose -f = -0*f - 351. Let l be ((-18080)/(-120))/(2/3). Suppose 3*w = 3*b + f, 3*b + l = 2*w - b. Is w prime?
False
Let o = 740 - 738. Suppose 6434 = 3*w + 4*x - 67905, x + 49563 = o*w. Is w a composite number?
False
Suppose -3*q + 21 = -3*k, -5*q - k + 27 = -4*k. Let a(b) = 4 + 9 + 4*b - 2 + 91*b**2 - q*b. Is a(4) a prime number?
True
Suppose -4*n = -3*v + 68, -2*n = 5*v - 2 + 10. Let b(k) = 10762796 - 3*k**3 + 17*k + k**3 - 10762761 - 16*k**2. Is b(n) a prime number?
False
Let j(o) = 2*o - 4. Let w be j(3). Let a be (78 - -1)/(-2*w/(-16)). Suppose -a + 873 = h. Is h a prime number?
True
Let v be (35 - 39)/(-3 - -1). Suppose 18*h - 21*h + 4*i + 59573 = 0, -39713 = -v*h + 5*i